z) = -z**2 - z + 13. What is r(0)?
13
Let y(r) = -2*r**3 + 21*r**2 + 11*r - 22. Determine y(11).
-22
Let q(z) = 7*z + 11. Calculate q(-10).
-59
Let b(z) = z**3 + 20*z**2 + 35*z - 37. Determine b(-18).
-19
Let k(j) = 7*j**2 + 5*j - 4. Determine k(1).
8
Let a(j) = 20*j**3 - 1. Calculate a(-1).
-21
Let r(v) = v - 19. Calculate r(14).
-5
Let x(d) = -2*d**2 + 36*d + 57. Give x(19).
19
Let g(l) = -l**2 - 12*l - 16. Calculate g(-11).
-5
Let z(w) = -14*w - 28. Determine z(-4).
28
Let p(v) = -v**3 - 3*v**2 - 4*v - 3. Give p(-2).
1
Let m(g) = 13*g**2 - g - 2. What is m(-1)?
12
Let d(b) = 2*b**2 - 32*b + 115. What is d(6)?
-5
Let y(s) = s**3 - 5*s**2 - 36*s - 3. Determine y(9).
-3
Let q(v) = v**3 + 3*v**2 - 2*v + 1. Give q(-4).
-7
Let n(a) = 2*a + 2. What is n(0)?
2
Let x(a) = -31*a - 34. What is x(-1)?
-3
Let s(m) = -6*m**2 - 7*m + 22. Determine s(2).
-16
Let u(g) = -g**3 + 2*g**2 - 1. Determine u(4).
-33
Let x(z) = 20*z - 1118. Give x(56).
2
Let x(k) = -k + 6. Calculate x(11).
-5
Let u(j) = -2*j**3 - 27*j**2 - 11*j + 29. Give u(-13).
3
Let t(d) = -d**3 - 2*d**2 + 3*d + 6. Determine t(-3).
6
Let b(t) = t + 2. Calculate b(-1).
1
Let k(i) = 101*i + 504. Give k(-5).
-1
Let t(l) = l**3 + 4*l**2 - 6*l + 2. Determine t(-5).
7
Let v(z) = -6*z**3 + z**2 - z - 2. What is v(-1)?
6
Let j(i) = -8*i**2 - 3*i + 2. What is j(-2)?
-24
Let s(j) = 3*j - 41. Determine s(22).
25
Let l(h) = h**2 + 6*h - 5. Calculate l(-7).
2
Let h(s) = -3*s**3 + 5*s**2 - 2*s - 2. Calculate h(3).
-44
Let k(i) = 57*i - 400. Calculate k(7).
-1
Let f(i) = i**2 + 17*i + 10. What is f(-8)?
-62
Let n(f) = f**3 + 12*f**2 + 2*f + 29. Give n(-12).
5
Let r(p) = p**3 - 14*p**2 - 12*p - 28. Determine r(15).
17
Let v(x) = 6*x - 55. Give v(9).
-1
Let z(s) = -2*s**2 - 15*s + 26. What is z(-13)?
-117
Let h(p) = p + 18. Calculate h(-24).
-6
Let m(o) = 6*o**3 - 18*o**2 - 2*o + 1. Calculate m(3).
-5
Let t(x) = -2*x - 10. What is t(-13)?
16
Let g(k) = -k**3 - 4*k**2 + k - 1. Give g(-4).
-5
Let w(q) = 4*q + 4. Calculate w(-2).
-4
Let x(r) = r**3 + 31*r**2 + 29*r - 29. Calculate x(-30).
1
Let x(o) = o**3 - 12*o**2 + 9*o. Determine x(11).
-22
Let u(t) = -2*t**2 - 26*t - 29. Determine u(-12).
-5
Let k(f) = -f**3 - 6*f**2 + 24*f - 2. Determine k(-10).
158
Let g(x) = x**2 + 3*x - 16. Give g(-6).
2
Let r(m) = -m**3 - 22*m**2 + 22*m + 3. Determine r(-23).
26
Let y(d) = 2*d**2 + 7*d - 1. Give y(-5).
14
Let m(u) = -u - 1. Give m(-4).
3
Let o(k) = 6*k**2 - 8*k - 20. What is o(3)?
10
Let p(k) = k**3 - 6*k**2 + 8*k + 1. Determine p(6).
49
Let s(n) = -n**3 - 22*n**2 + 19*n - 59. What is s(-23)?
33
Let o(m) = m**2 - 2*m + 122. Determine o(0).
122
Let h(l) = l - 14. Determine h(9).
-5
Let y(j) = j**3 + 5*j**2 + 4*j + 3. Determine y(-4).
3
Let g(c) = c**3 + 10*c**2 - 10*c - 8. Give g(-11).
-19
Let c(o) = o**2 + 12*o - 1. What is c(-12)?
-1
Let n(b) = -b**3 - 20*b**2 + 21*b - 10. Give n(-21).
-10
Let g(l) = l**2 + 8*l - 6. Determine g(-7).
-13
Let k(l) = 4*l - 19. Give k(13).
33
Let s(a) = -a**2 - 14*a - 43. Determine s(-4).
-3
Let q(l) = -2*l**2 + 4*l. What is q(3)?
-6
Let t(j) = 8*j + 23. Calculate t(-7).
-33
Let v(r) = -r**2 + 8*r + 3. Calculate v(9).
-6
Let w(n) = -2*n**2 - 5*n - 6. Give w(0).
-6
Let k(d) = -5*d**2 + 5*d - 2. Determine k(3).
-32
Let t(l) = -l**3 - l**2 + 5*l + 5. Calculate t(-6).
155
Let j(f) = -40*f - 160. What is j(-4)?
0
Let q(m) = 2*m - 15. Determine q(5).
-5
Let j(s) = -2*s - 21. What is j(-11)?
1
Let f(u) = u**2 + 13*u - 7. Calculate f(-13).
-7
Let u(b) = 3*b**2 - 14*b - 18. Calculate u(6).
6
Let b(c) = c**2 - 1. Give b(11).
120
Let y(z) = -z**3 + 12*z**2 + 2*z - 23. What is y(12)?
1
Let j(b) = -b**3 - 18*b**2 - 52*b + 23. Calculate j(-14).
-33
Let z(n) = -n**2 - n - 2. Determine z(-3).
-8
Let f(o) = -o**2 - 7*o + 7. Determine f(-6).
13
Let y(j) = -j**3 + 16*j**2 - 18*j - 6. What is y(15)?
-51
Let t(f) = f**3 + 17*f**2 + 17*f + 17. Give t(-16).
1
Let h(a) = -20*a**2 - 2*a + 1. Determine h(1).
-21
Let r(g) = 35*g + 28. Calculate r(-1).
-7
Let y(x) = 4*x**3 - 6*x**2 + 3*x + 1. Determine y(1).
2
Let x(v) = -v**2 - 4*v + 280. Give x(15).
-5
Let u(d) = 7*d**3 - d**2 + 3*d - 3. What is u(1)?
6
Let y(z) = -68*z**3 + 2*z**2 + z. What is y(-1)?
69
Let w(h) = 5*h + 11. Give w(-8).
-29
Let n(z) = 2*z**3 + 18*z**2 - 19*z + 19. What is n(-10)?
9
Let j(w) = 9*w**3 + 4*w**2 + 2*w. Calculate j(-2).
-60
Let i(r) = r**2 - 16*r + 37. Calculate i(12).
-11
Let u(v) = -v**3 + 3*v**2 - 1. Determine u(-2).
19
Let x(z) = z**2 - 4*z + 4. What is x(3)?
1
Let a(h) = -h**3 + 5*h**2 + h - 1. What is a(5)?
4
Let c(n) = n**2 - 15*n - 20. What is c(15)?
-20
Let b(t) = -t**2 - 16*t - 36. Calculate b(-2).
-8
Let w(q) = -q**3 - 9*q**2 - 7*q - 6. Calculate w(-4).
-58
Let h(s) = 10*s**2 - 7*s - 4. What is h(-1)?
13
Let s(j) = -3*j - 2. Determine s(1).
-5
Let f(i) = i**2 - 29*i + 125. Calculate f(24).
5
Let f(l) = -6*l**3 + l**2 + 2*l + 2. Give f(-1).
7
Let a(l) = -4*l - 1. Calculate a(-2).
7
Let b(y) = 20*y - 2. What is b(-1)?
-22
Let r(y) = -2*y - 23. Give r(-21).
19
Let g(d) = -9*d + 61. Calculate g(7).
-2
Let q(b) = 10*b - 85. Determine q(11).
25
Let f(l) = l**2 + 5*l + 5. Give f(-4).
1
Let x(d) = 3*d - 39. Determine x(15).
6
Let f(p) = 6*p - 2. Determine f(4).
22
Let j(v) = -3*v - 62. Give j(-19).
-5
Let b(t) = -t**3 - 11*t**2 - 17*t + 10. Calculate b(-9).
1
Let b(o) = 10*o + 39. Calculate b(-4).
-1
Let k(n) = -6*n**3 - 3*n**2. What is k(-2)?
36
Let c(z) = 2*z + 11. Determine c(-8).
-5
Let x(z) = -z + 3. What is x(-3)?
6
Let z(a) = 4*a + 7. Determine z(-4).
-9
Let r(o) = 4*o + 3. Calculate r(-6).
-21
Let j(u) = -47*u - 9. Give j(1).
-56
Let s(z) = z**2 + 22*z + 26. What is s(-21)?
5
Let p(b) = -2*b**2 + 8*b + 1. Calculate p(9).
-89
Let i(x) = -x**3 + 8*x**2 + 2*x + 4. Determine i(8).
20
Let p(o) = o**3 - 38*o**2 + 2*o - 104. Give p(38).
-28
Let h(k) = -11*k**2 - 562*k - 51. Give h(-51).
0
Let r(c) = -c**2 + c - 16. What is r(0)?
-16
Let h(o) = o**2 - 12*o + 29. What is h(3)?
2
Let d(t) = -28*t - 646. Calculate d(-23).
-2
Let p(q) = 5*q - 12. What is p(3)?
3
Let l(m) = m**3 - 10*m**2 + 14*m - 41. Determine l(9).
4
Let o(m) = -2*m - 2. Give o(-3).
4
Let m(s) = -3*s + 5. What is m(3)?
-4
Let d(l) = -l**2 - 8*l - 2. What is d(-10)?
-22
Let v(m) = -26*m - 361. Give v(-13).
-23
Let x(j) = 5*j - 80. Give x(17).
5
Let p(q) = q**2 - 2*q - 16. Determine p(4).
-8
Let m(k) = 61*k**3 - 2*k**2 - 2*k + 3. What is m(1)?
60
Let n(j) = -j**3 - 17*j**2 - j + 1. Calculate n(-17).
18
Let d(h) = -h**2 - 2*h + 3. What is d(-4)?
-5
Let v(a) = -2*a + 19. Calculate v(0).
19
Let b(f) = f**3 - 7*f**2 + 8*f - 7. Determine b(5).
-17
Let l(j) = j**2 + 2*j - 6. Give l(-4).
2
Let a(z) = z**3 - 6*z**2 - 6*z - 3. Give a(7).
4
Let r(y) = y**3 - 23*y**2 + 42*y - 3. Give r(21).
-3
Let g(s) = -4*s**2 - 1. Give g(-1).
-5
Let u(h) = h**2 - 54*h + 292. Give u(48).
4
Let u(y) = y + 15. Determine u(-12).
3
Let z(h) = h**3 + h**2 + h + 4. What is z(0)?
4
Let l(r) = -r**2 + 7*r - 3. Calculate l(7).
-3
Let c(b) = 17*b**2 + 205*b + 17. Give c(-12).
5
Let y(o) = -o**3 - o**2 + 7*o + 9. Give y(-4).
29
Let h(v) = 6*v - 55. Determine h(12).
17
Let n(w) = -w**3 + 12*w**2 + 27*w + 26. Determine n(14).
12
Let w(t) = 2*t**3 + 3*t**2 + t + 2. Calculate w(-2).
-4
Let v(s) = 5*s - 81. Calculate v(13).
-16
Let y(b) = -20*b**3 - b**2 - 3*b - 3. Determine y(-1).
19
Let b(k) = -6*k + 6. Give b(-9).
60
Let s(m) = -2*m - 15. Calculate s(-8).
1
Let t(s) = 2*s**3 + 41*s**2 - 16*s + 86. Calculate t(-21).
-19
Let l(x) = 4*x + 41. Calculate l(-10).
1
Let p(d) = -3*d**3 + 3*d**2 - d - 9. Give p(-2).
29
Let f(v) = 3*v + 7. What is f(8)?
31
Let u(b) = b**3 + 2*b**2 - 4*b + 1. What is u(3)?
34
Let l(x) = x**3 + 6*x**2 - 27*x + 5. What is l(-9)?
5
Let c(d) = 2*d**2 - 10*d + 11. Determine c(8).
59
Let a(i) = -2*i**2 - 9*i - 4. Calculate a(-4).
0
Let a(t) = 6*t - 48. What is a(9)?
6
Let c(k) = k**3 + 13*k**2 + 20*k - 9. Determine c(-11).
13
Let l(u) = u**2 - 2*u + 4. Give l(-6).
52
Let k(j) = -87*j. What is k(1)?
-87
Let z(t) = 2*t + 27. Determine z(-15).
-3
Let c(s) = s**3 - 13*s**2 + 10*s + 33. Calculate c(12).
9
Let c(l) = 3*l + 55. What is c(-9)?
28
Let z(y) = y**3 + 21*y**2 - 21*y + 16. What is z(-22)?
-6
Let w(t) = t**2 + 15*t + 44. Give w(-16).
60
Let d(t) = t**2 + 4*t - 2. What is d(-6)?
10
Let i(o